ppose -4*m + 204 = 6*p - 2*p, -3*m = 0. Calculate the remainder when p is divided by 18.
15
Calculate the remainder when 42 is divided by (-9)/6*(-5)/(15/46).
19
Suppose 0*p - 83 = -p. Suppose -o + 2 = m, 0 = 5*o - 5*m - p + 23. Suppose o*q - 2*q = 20. What is the remainder when 11 is divided by q?
3
Let g = 16 - 9. Let f(x) = 12*x - 4. What is the remainder when f(2) is divided by g?
6
Let f(s) = 4*s**2 - 3*s + 5. What is the remainder when f(3) is divided by 5?
2
Suppose 4*r + v = 5 + 11, 0 = 2*v. What is the remainder when 61 is divided by r?
1
Let d = 207 - 109. What is the remainder when d is divided by 25?
23
Suppose -j - j = -6. Suppose -5*n + 2*o + 2*o - 4 = 0, 3*n + 3*o = 3. Let f = 2 + n. What is the remainder when j is divided by f?
1
Suppose -i - 3 = -5. Suppose 0 = -4*j - 0*x - i*x + 64, 5*x + 27 = j. What is the remainder when 49 is divided by j?
15
Suppose 4*x - 131 = 3*x - 4*s, 5*x - 5*s - 555 = 0. What is the remainder when x is divided by 58?
57
Suppose 3*o = -2*o + 75. Suppose -4*a - 12 = 3*y, -4*y - 16 = -3*a + 6*a. Let d = y + 8. Calculate the remainder when o is divided by d.
3
Let v be 21/6 + 3/6. Suppose 0 = -2*i + 12 - v. Suppose -2*s - 8 + 30 = 0. Calculate the remainder when s is divided by i.
3
Let w be (-2)/7 + (-15)/21. Calculate the remainder when 18 is divided by w*2*(2 + -4).
2
Let u be -48 - (1 + -3)/1. Calculate the remainder when 2*(u/(-4) - -3) is divided by 15.
14
Suppose -3*w - 2*w - 5*r + 140 = 0, -4*w + 121 = r. What is the remainder when w is divided by 8?
7
Let f = -1 - -13. What is the remainder when 47 is divided by f?
11
Suppose 0*u = 2*u - 14. Calculate the remainder when 19 is divided by u.
5
Let f be -3 + 3 - 6/(-2). Suppose -50 + 17 = -f*j. What is the remainder when 41 is divided by j?
8
Suppose -4*q = 5*t - 5, 0 = -t + q - 4*q + 1. Let j = 1 + 1. What is the remainder when j is divided by t?
0
Let d(m) = -2 + 0*m**3 - 14*m**2 - m**3 - 12 + m**2 + 12*m. Calculate the remainder when d(-14) is divided by 8.
6
Let z(r) = -9*r + 26. Calculate the remainder when 128 is divided by z(0).
24
Let r = -16 + 24. Suppose y - 3*y - r = 0. Calculate the remainder when 1 - (y - -2) - -2 is divided by 2.
1
Suppose 0 = -3*o - 0*o + 108. Let z = o - -6. Calculate the remainder when z is divided by 11.
9
Suppose 4*k - 81 = -a - 2*a, 2*a - 5*k = 31. What is the remainder when a is divided by 9?
5
Let g = 15 - 11. Let z = 8 + -2. What is the remainder when z is divided by g?
2
Let q be 0*((-2 - -2) + -1). Let k be -3 + 1 + -2 + q. Let x = k + 7. Calculate the remainder when 4 is divided by x.
1
Let o(r) = -3 - 1 - 1 + 10*r. Let d(f) = f**3 - 8*f**2 - 7*f. Calculate the remainder when o(4) is divided by d(9).
17
Suppose 308 = 8*u - 316. What is the remainder when u is divided by 17?
10
Let j(u) = u**3 + 5*u**2 + 3*u - 3. Let z be j(-3). Let t = z + 1. What is the remainder when t is divided by 3?
1
Suppose -4*u + 45 = -3*v + 136, 0 = -5*v + u + 163. What is the remainder when 61 is divided by v?
28
Suppose 2*n + 28 = -2*n + 4*z, -5*n - 53 = z. What is the remainder when (-622)/n - 7/35 is divided by 21?
20
Suppose -p = -5*p. Suppose 0 = -0*t - 4*t + l + 15, p = t + 3*l - 20. What is the remainder when 14 is divided by t?
4
Suppose 17 + 55 = 8*o. Calculate the remainder when 88 is divided by o.
7
Let x be -2*2/(-2)*1. Suppose -5*m - 25 = 0, -5*m - 16 = d + x. What is the remainder when 19 is divided by d?
5
Suppose -2*w = -5*w + 60. Suppose -2 = 5*q - 3*h, -w = -q - q - 4*h. What is the remainder when 7 is divided by q?
1
Suppose 2 = -2*s - 5*n - 2, 2*n = -2*s + 2. Suppose -x = -s*x + 10. Suppose 2*z - 52 = -2*t, 4*t = x*z - 70 - 60. What is the remainder when z is divided by 14?
12
Let b = -11 - -40. What is the remainder when b is divided by 8*(-4)/(-12)*3?
5
Let i be 3 - 3*15/9. What is the remainder when 1/(-1) + i + 38 is divided by 10 + 1/(1/2)?
11
What is the remainder when (7/((-70)/24))/((-18)/1380) is divided by 11?
8
Let n = -72 - -114. Calculate the remainder when 249 is divided by n.
39
Suppose -5*w - 5*y - 20 = 0, -w + 3*y = 2*y + 12. Let s be (25/(-20))/(1/w). Suppose -4*h + 2 = -s. What is the remainder when h is divided by 2?
1
Let s = 201 - 102. What is the remainder when s is divided by 51?
48
Suppose -2*h = h - 24. Suppose 0 = -h*o + 4*o + 48. What is the remainder when 47 is divided by o?
11
Let g(y) = -y**2 + 7*y - 5. Let h be g(6). Let v(m) = -m**3 - 5*m**2 + m. Let a be v(-5). What is the remainder when (a + -1)*(0 - h) is divided by 4?
2
Calculate the remainder when (42/(-56))/((-3)/104) is divided by 20.
6
Let m(i) = i**2 - 3*i + 3. Let a be m(2). Let d be 1 + 1 + -1 - a. Suppose 32 = 4*l - d*l. Calculate the remainder when 14 is divided by l.
6
Calculate the remainder when 45 is divided by (-15)/(-1) + (-45)/9.
5
Let j(s) = 6*s**2 - 2. Let x(f) = -f**2 - 9 + 8*f - 4*f**2 + 4*f**2. Let c be x(7). Calculate the remainder when j(c) is divided by 8.
6
Suppose 148 + 36 = 4*o. Calculate the remainder when o is divided by 16.
14
Suppose -5*z = -0*z - 55. Let a = z - 5. Let g = 49 + -33. Calculate the remainder when g is divided by a.
4
Suppose -w - 31 = -3*f + 259, 4*f + 4*w - 392 = 0. Calculate the remainder when f is divided by 14.
13
Let y(s) = 4*s + 12. Calculate the remainder when y(23) is divided by 37.
30
Let v = -17 + 28. Calculate the remainder when 64 is divided by v.
9
Suppose -5*g = y - g - 9, 0 = 4*y + 3*g - 23. Suppose y*r = 2*s + 36, -r - 3*s = -3*r + 21. Calculate the remainder when 16 is divided by r.
4
Suppose 0 = 2*u - 234 - 100. Calculate the remainder when u is divided by 13.
11
Let q = 59 - 20. What is the remainder when q is divided by 7?
4
Suppose -5*t + 0*t + 25 = 0. What is the remainder when 32 is divided by t?
2
Suppose 13*q = 6*q + 91. Calculate the remainder when 24 is divided by q.
11
Let c = 16 + 4. Suppose z - 52 + 5 = -a, -5*z = -c. What is the remainder when a is divided by 23?
20
What is the remainder when (111/12)/((-2 + 4)/24) is divided by 29?
24
Suppose l + 51 = 63. What is the remainder when 45 is divided by l?
9
Let i be (-17)/3 + 4/(-12). Calculate the remainder when 18 is divided by i/4 - (-130)/20.
3
Let x = -139 - -212. Suppose 76 = -v + 5*v. Calculate the remainder when x is divided by v.
16
Let x be (4/(-2))/(-2)*-13. Let w = 51 + x. What is the remainder when w is divided by 8/(-48) + (-237)/(-18)?
12
Suppose 55*m + 36 = 56*m. Calculate the remainder when 70 is divided by m.
34
What is the remainder when ((-39)/9)/((-1)/15) is divided by (0 - 4) + 2 + 19?
14
Let v(z) = 2 - z**3 - 4 - 2 - 2*z**2. Let u = -59 - -56. Calculate the remainder when 14 is divided by v(u).
4
Suppose 56 = 3*x + 17. What is the remainder when 62 is divided by x?
10
Let c(d) = -d**3 + 2*d**2 + 2*d - 1. Let j(k) = -k**3 + 6*k**2 - 7*k + 3. Let t be j(5). What is the remainder when (-3)/((3/t)/3) is divided by c(-2)?
10
Suppose 3*t - 71 + 18 = -5*p, -p + 4*t + 29 = 0. Let a = p + -21. Calculate the remainder when 5 is divided by 6/8 + (-18)/a.
2
Let y(r) = r**2 - 2 - 2*r + 0*r - 2*r + 3*r. Calculate the remainder when 10 is divided by y(-2).
2
Suppose -2*v - 2*r + 244 = 0, -15 = 4*r - 7*r. Let k = -78 + v. What is the remainder when k is divided by 10?
9
Let q(a) = 3*a**3 - 2*a**2 + 1. Suppose -z = -0*z - 4. Suppose -4*u - z*c = -20, 0 = -u - 2*u + c + 11. Calculate the remainder when u is divided by q(1).
0
Suppose -20 = -2*i - 2*i - g, 0 = 5*g. Calculate the remainder when i is divided by 2.
1
Suppose -t - 3 = -4*s - 4*t, 2*s - 12 = 2*t. What is the remainder when (3 - 11)*(0 - 1) is divided by s?
2
Let p(y) = y**3 - 24*y**2 + 21*y + 54. Let f(s) = s + 2. Let c be f(0). Suppose 0 = -c*h + 6. What is the remainder when p(23) is divided by h?
2
Suppose 0*m = 9*m - 54. Let l = -1 - 0. What is the remainder when 1*(-1 + -10)*l is divided by m?
5
Let j(k) be the second derivative of -1/2*k**2 + 1/3*k**4 + 1/3*k**3 + 0 - 2*k. Calculate the remainder when 14 is divided by j(1).
4
Let l = -39 - -64. What is the remainder when 98 is divided by l?
23
Let l(b) = -b**3 - 7*b**2 + 5*b - 4. Let k be l(-8). Let g = -12 + k. What is the remainder when 13 is divided by g?
5
Suppose 2*n - 3*n = 0. Suppose -3*g + n = -54. Calculate the remainder when 70 is divided by g.
16
Let i = 34 - 27.